6937 a prime number?
False
Is 6917021 a composite number?
False
Is 1144231379 composite?
False
Is 786945739 a composite number?
False
Is 604067 a prime number?
False
Is 30139693 a composite number?
True
Is 346387 prime?
False
Is 198173 composite?
False
Is 6371237 a prime number?
True
Is 151636027 composite?
True
Is 87391211 a prime number?
False
Is 23828969 a composite number?
True
Is 124444063 a prime number?
False
Is 30787787 composite?
False
Is 5818381 composite?
False
Is 634010089 composite?
False
Is 955829 a prime number?
False
Is 11613037 a prime number?
False
Is 43309423 a composite number?
False
Is 179162111 a composite number?
True
Is 97441507 a composite number?
True
Is 21029443 prime?
True
Is 316065121 a composite number?
False
Is 46995815 a prime number?
False
Is 70441337 composite?
False
Is 275521 a prime number?
True
Is 54464677 composite?
False
Is 5790867 a composite number?
True
Is 66204029 prime?
True
Is 3419803 prime?
True
Is 847453 composite?
False
Is 54663937 composite?
True
Is 12534001 a composite number?
False
Is 66716707 a prime number?
True
Is 293411011 composite?
True
Is 70354351 a composite number?
False
Is 70641167 a prime number?
False
Is 8116418 prime?
False
Is 123811079 a prime number?
False
Is 38443367 prime?
True
Is 3510377 composite?
True
Is 16382437 a composite number?
False
Is 1311797 composite?
False
Is 74534471 prime?
False
Is 61881613 composite?
True
Is 5433887 a composite number?
False
Is 7998607 composite?
True
Is 5222753 a composite number?
False
Is 24397679 prime?
False
Is 8063855 composite?
True
Is 5024653 a prime number?
False
Is 419669 a prime number?
False
Is 220966861 prime?
True
Is 1331377 composite?
False
Is 10811573 a prime number?
False
Is 15541057 a composite number?
True
Is 97196063 composite?
True
Is 5632579 a composite number?
False
Is 777463 a prime number?
True
Is 14748161 a prime number?
False
Is 90984031 a prime number?
True
Is 12078373 composite?
False
Is 12924391 prime?
True
Is 13659787 prime?
False
Is 14356501 a prime number?
False
Is 24739501 a prime number?
False
Is 5750177 prime?
False
Is 3911935 a prime number?
False
Is 25794007 a prime number?
True
Is 19639115 a prime number?
False
Is 13170377 a prime number?
False
Is 25801491 composite?
True
Is 7899887 a prime number?
True
Is 1445921 prime?
True
Is 541873 a composite number?
True
Is 8461231 a composite number?
False
Is 8927189 a prime number?
False
Is 35932681 prime?
True
Is 4685981 a prime number?
False
Is 2296661 prime?
True
Is 701219 composite?
False
Is 9308657 a composite number?
True
Is 38188849 a composite number?
True
Is 30753689 a prime number?
True
Is 6654433 prime?
False
Is 326509 composite?
True
Is 3323249 composite?
False
Is 27010721 composite?
False
Is 141632765 prime?
False
Is 19852111 a prime number?
False
Is 9915799 composite?
True
Is 369828721 a prime number?
True
Is 39575753 a prime number?
False
Is 565769 prime?
True
Is 22966699 prime?
False
Is 3557339 a prime number?
True
Is 1505821 a prime number?
False
Is 4131437 a composite number?
True
Is 11272669 a prime number?
True
Is 84882209 a prime number?
True
Is 390151 prime?
True
Is 59184419 a composite number?
True
Is 8434589 composite?
True
Is 46253591 composite?
False
Is 73825357 a prime number?
False
Is 6442259 prime?
True
Is 411401839 a composite number?
True
Is 729451 a prime number?
True
Is 102851597 a prime number?
True
Is 58639999 composite?
True
Is 6509177 a composite number?
False
Is 7585819 composite?
True
Is 107393387 prime?
False
Is 22268419 a prime number?
False
Is 474962659 composite?
True
Is 345901 prime?
False
Is 592903 a composite number?
False
Is 2722001 prime?
True
Is 10273397 composite?
True
Is 5082089 composite?
False
Is 294303479 composite?
False
Is 37087951 composite?
False
Is 25536719 composite?
True
Is 61281607 a prime number?
False
Is 95564759 prime?
True
Is 90105689 a composite number?
False
Is 5357831 prime?
True
Is 29490107 composite?
True
Is 4933111 a composite number?
True
Is 57966799 composite?
True
Is 5288249 a composite number?
False
Is 3565613 composite?
False
Is 159990891 a prime number?
False
Is 4178191 prime?
True
Is 445649 a prime number?
True
Is 45861119 a composite number?
False
Is 218549 a composite number?
False
Is 2094259 prime?
False
Is 5792639 composite?
False
Is 28466941 a prime number?
False
Is 66717029 a prime number?
True
Is 32485529 composite?
True
Is 306638051 composite?
True
Is 1614815 prime?
False
Is 2346427 composite?
True
Is 137400187 a prime number?
True
Is 8334289 a composite number?
True
Is 63095267 a composite number?
False
Is 80641963 composite?
False
Is 20743 prime?
True
Is 27429769 prime?
True
Is 56445503 a prime number?
True
Is 368059207 a prime number?
False
Is 50021 composite?
False
Is 321002843 a composite number?
True
Is 131032609 prime?
True
Is 2669767 a composite number?
False
Is 34913449 a composite number?
False
Is 3877423 a composite number?
True
Is 167533813 a composite number?
False
Is 15507209 a prime number?
False
Is 19029487 a composite number?
True
Is 2172323 prime?
True
Is 165779 a composite number?
False
Is 14000999 a composite number?
True
Is 67043 a composite number?
False
Is 1880497 prime?
True
Is 11400377 a composite number?
False
Is 3458321 prime?
False
Is 104777867 a prime number?
False
Is 13610837 prime?
True
Is 2165549 a prime number?
False
Is 2084837 prime?
False
Is 8095817 prime?
False
Is 20858179 a composite number?
False
Is 19447958 a composite number?
True
Is 4592426 prime?
False
Is 1503119 a prime number?
False
Is 1968245 prime?
False
Is 1745533 a composite number?
True
Is 25117163 prime?
False
Is 13171177 a prime number?
False
Is 85324591 a prime number?
False
Is 153665717 composite?
True
Is 5775017 prime?
True
Is 69791727 a prime number?
False
Is 4526401 prime?
False
Is 3444841 a composite number?
True
Is 30594659 a prime number?
True
Is 111788363 a composite number?
False
Is 1710482 a prime number?
False
Is 38152281 a prime number?
False
Is 79166387 a composite number?
False
Is 145390363 a composite number?
False
Is 19001 composite?
False
Is 4175227 a prime number?
False
Is 7453309 a prime number?
True
Is 627229 prime?
False
Is 26642887 composite?
True
Is 52432999 a composite number?
False
Is 2479649 composite?
True
Is 2546949 a prime number?
False
Is 10617989 a composite number?
False
Is 7478909 prime?
False
Is 4831193 a composite number?
False
Is 17450371 a prime number?
False
Is 101173357 a prime number?
True
Is 196694031 composite?
True
Is 32957069 a prime number?
True
Is 57059 a prime number?
True
Is 212101013 composite?
False
Is 35158177 a prime number?
False
Is 8071963 prime?
False
Is 962324767 a composite number?
False
Is 325597 composite?
False
Is 9592651 prime?
True
Is 4856417 prime?
True
Is 3459137 a composite number?
True
Is 188139466 prime?
False
Is 5766701 prime?
True
Is 15140173 prime?
False
Is 231701 prime?
True
Is 3886637 a composite number?
False
Is 9048109 prime?
False
Is 193445377 a composite number?
True
Is 9743309 composite?
False
Is 357665005 a composite number?
True
Is 12686543 composite?
True
Is 76169083 prime?
True
Is 31089939 prime?
False
Is 13150897 composite?
True
Is 4049671 prime?
False
Is 6868759 prime?
True
Is 506899583 composite?
False
Is 331998193 prime?
False
Is 189198511 a composite number?
False
Is 52337539 a prime number?
True
Is 36069367 a prime number?
True
Is 333937 composite?
True
Is 1383153 prime?
False
Is 40146451 a composite number?
False
Is 16261073 a composite number?
False
Is 71179711 prime?
False
Is 1172179 prime?
True
Is 46187777 composite?
False
Is 13139723 prime?
True
Is 2965251 composite?
True
Is 32347 prime?
False
Is 119284933 a prime number?
True
Is 63893363 composite?
False
Is 1971379 a composite number?
True
Is 10556797 composite?
False
Is 7892873 a prime number?
True
Is 176861689 a prime number?
False
Is 27066113 a prime number?
False
Is 22721801 prime?
True
Is 3592319 composite?
False
Is 6358393 composite?
True
Is 10492049 composite?
False
Is 4865603 prime?
True
Is 220257523 a prime number?
False
Is 153946829 a prime number?
True
Is 5371423 a composite number?
False
Is 5750561 a composite number?
False
Is 11463013 composite?
False
Is 185702933 prime?
False
Is 3155637 composite?
True
Is 6336199 a prim